4. Is t prime?
False
Let c be 10/25 - (-15944)/(-10). Let g = c - -2651. Is g a prime number?
False
Suppose y - 199 + 22 = 0. Is y a prime number?
False
Suppose -31 = -3*i - 25. Is 0/i + (-1601)/(-1) composite?
False
Suppose 2*l + 2*l = -3*y + 27662, 3*y - 27686 = 2*l. Let m = y - 2763. Is m a composite number?
True
Let k be 6*1*1/(-2). Let p(a) = -56*a + 591. Let n be p(10). Is 3 - (k - (n - 2)) prime?
False
Let u(g) = -509*g**3 - 3*g**2 + 4*g - 1. Let f be u(2). Is 1 + -3 + (-4)/(12/f) prime?
False
Let h(o) = -29*o - 1. Let m(z) = 5*z. Let i(p) = -p**2 + 12*p + 6. Let w be i(12). Let c(g) = w*h(g) + 39*m(g). Is c(7) composite?
True
Let c(j) = j**3 - 4*j**2 + 1. Let o be (12/(-9))/((-2)/6). Let s be c(o). Is 62/s*9/18 a composite number?
False
Let a be 2*(1 - (-7)/(-2))*1. Let j(g) = 0 + 1 + 3 - 63*g. Is j(a) prime?
False
Let p(y) = -32*y + 8887. Is p(0) prime?
True
Let h = -7 - -11. Suppose -h*w - 15 = -5*v, -8 = 3*v + w - 0. Is 7/(v + (-168)/(-164)) prime?
False
Let i(w) = 476*w**3 - 5*w**2 + 4*w - 5. Is i(2) a composite number?
True
Let d(z) = -z - 3. Let o be d(-8). Let k be 41*46 - (-7 + o). Suppose 4*q - 613 = -p - 146, -4*p = -4*q - k. Is p a prime number?
False
Let b(j) = 448*j + 29. Is b(5) composite?
False
Let o be (-4)/(-10) + (-384)/(-15). Let n(d) = 24*d + o*d + 56 - 53. Is n(2) composite?
False
Suppose 2*p + 0*r = -2*r - 352, -15 = 3*r. Let h be p/(-63) + (-4)/(-14). Suppose 0*g - h*g + 159 = 0. Is g composite?
False
Suppose 15 = -0*y + 3*y. Suppose y*a = -z - 11, 0 = a - 5*z - 4 + 1. Is 66/55*(-35)/a prime?
False
Let i(t) = -t - 20. Let a be i(-14). Let n(o) = -9*o + 10. Let x be n(a). Suppose 0 = w - 13 - x. Is w prime?
False
Suppose 19 = 5*s + w - 0, -2*w = 3*s - 17. Suppose t - 4*i - 1409 = 0, -7*i - 12 = -s*i. Is t prime?
False
Suppose 41 - 146 = -5*h - 5*l, h - 3*l - 9 = 0. Let c = 175 + -13. Is 18778/h - 36/c a composite number?
True
Suppose 411 + 567 = 3*t. Is t/(-5)*40/(-16) a prime number?
True
Is (-3)/(((-3)/(-5))/((-15427)/5)) a composite number?
False
Let s be 4 + 1 + -1*1. Let n = 67 + -56. Let t = s + n. Is t prime?
False
Let l = -721 - -9434. Is l a composite number?
False
Is (3937 - 5/5) + 1 prime?
False
Let t(a) = -a + 10. Let i be 6/(-10) - 336/(-35). Let n be t(i). Let s(w) = 47*w**2 + w - 2. Is s(n) composite?
True
Let m be (-3570)/(-75) - (-3)/(-5). Let p = 199 + m. Suppose p = -y + 3*y. Is y prime?
False
Let b(m) be the second derivative of 0 - 5/3*m**3 - 7/6*m**4 - 8*m**2 + 1/20*m**5 + 3*m. Is b(15) a prime number?
True
Let b = -87 - 1016. Let o = b + 1848. Is o a prime number?
False
Let w(y) = 632*y**2 - 16*y - 17. Is w(-1) a prime number?
True
Let f(u) = -u + 2. Let d be f(-5). Let v(y) = 6*y + 3. Let b be v(d). Let t = b - -12. Is t composite?
True
Let n be 1 - 0 - (-3550 + -21). Let u = n - 1677. Is u a composite number?
True
Let h(t) = 2*t + 22. Let q be h(-10). Suppose -q*b = -5*v - 3*b + 2935, 5*v + 2*b - 2935 = 0. Is v composite?
False
Let u(h) be the third derivative of -4*h**2 + 0 + 26/15*h**5 - 1/6*h**3 + 0*h**4 + 0*h. Is u(1) a prime number?
True
Is (-6 - -20)/(8/18692) composite?
True
Let z be (1 - (-5)/((-15)/(-9))) + -2. Is -4 - z/(-1) - -2449 composite?
False
Let u(q) = 2*q**2 - 9*q - 101. Let a(f) be the third derivative of f**5/60 - 5*f**4/24 - 17*f**3/2 - 4*f**2. Let n(r) = 7*a(r) - 4*u(r). Is n(0) composite?
False
Suppose y = -4*m + 7455 + 9924, -3*y = 2*m - 8687. Suppose -q - m = -6*q. Is q a composite number?
True
Suppose -34 = 3*w - 7. Let o = -6 - w. Suppose -o*p + 455 = 2*p. Is p prime?
False
Is 17515 + ((-66)/(-18) - (-2)/6) composite?
False
Let w(c) = 67*c**2 + 33*c + 253. Is w(-16) composite?
True
Let h be 3 - (2 - 3) - -4. Is (-7759)/(-7) + (-7)/(-98)*h a composite number?
False
Let h(m) = -1012*m - 6. Let q(o) = 1361141*o + 8072. Let b(i) = -4036*h(i) - 3*q(i). Is b(1) composite?
False
Let p(k) be the third derivative of 107*k**4/24 - 11*k**3/6 + 18*k**2. Is p(6) a composite number?
False
Let y = 7 + -5. Suppose -i - 21 = y*i. Let o(v) = -48*v - 9. Is o(i) a prime number?
False
Suppose 3*o - 17897 = -4094. Is o composite?
True
Let q(z) = 13*z**2 + z + 1. Let c be q(-3). Let u be c/25 + (-12)/20. Suppose 1153 = u*y - s, -9*y - 2*s = -4*y - 1451. Is y composite?
True
Suppose -3*s - 7994 = -k, -4*k + 21472 = 2*s - 10546. Is k composite?
True
Let z(y) = y**2 + 20. Let h be z(0). Suppose 4*p = -3*i + h, 0*p - 3*i + 16 = 2*p. Is (-1 - 42/(-4))*p prime?
True
Suppose -u = 2*i + 45 + 157, 0 = -4*u - 2*i - 802. Let n = -6 + -91. Let a = n - u. Is a a prime number?
True
Is (-9)/6 + 91679/14 composite?
False
Is (-67290)/(-34) - 14/119 prime?
True
Suppose 14*b - 1545 = 9*b. Is b composite?
True
Let v(s) = -6 + 6*s**2 - 2*s**2 - 5 + 4*s + 2. Is v(-5) prime?
True
Is ((-134296)/(-6))/((-6)/(-9)) composite?
True
Let f(b) = -4*b**2 + 65*b - 13. Is f(15) a prime number?
False
Let f = 10477 + 11290. Is f prime?
True
Let n = 1112 - 605. Suppose 5*a - 1792 + n = 0. Suppose a = 4*v + 101. Is v composite?
True
Let z(v) = 90497*v**2 - 37*v - 35. Is z(-1) a composite number?
False
Let k(a) = -a**3 + 2*a**2 + 7*a - 9. Let f be k(4). Let u = -5 - f. Suppose 3*o = u*o - 395. Is o prime?
True
Is 2/(-14) + (-19664)/(-7) prime?
False
Let g(v) = 0*v**3 + 14*v - 35 - 290*v**2 - v**3 + 273*v**2. Is g(-18) a composite number?
False
Let f be 1606/4 + (-1)/(-2). Suppose y - f = -156. Suppose -a + 5*r = -22 - 76, 0 = -3*a - r + y. Is a composite?
False
Let x(g) = -g + 4. Let q be 2 - (1 - (-10)/5). Let l be x(q). Suppose -l*i + 2*n - 4*n = -2707, 3*n + 1079 = 2*i. Is i composite?
False
Suppose 5*v + q - 10 = 0, -4*v - 5*q = -8*v + 8. Suppose -2*y + 0*y = -6. Suppose -v*m = 2*z - 16, -23 = 4*z - y*m - 90. Is z a prime number?
True
Let b(k) = 51*k - 20. Let f be b(8). Suppose 12*p + f = 16*p. Is p prime?
True
Suppose 4*s + 4542 = 2*j, 3*s + 3653 = 3*j - 3172. Is j composite?
True
Let h = 30 - -352. Suppose -3*b = -0*m + 5*m - 568, -4*m = 2*b - h. Is b a prime number?
True
Let c(u) = -2*u**3 - 14*u**2 + 12*u - 29. Let s be c(-8). Suppose 5*d - 2*f = -14500, 3*f = 3*d + 10665 - 1965. Is s/9 + d/(-3) a prime number?
True
Suppose -5919 = 11*f - 18789. Let y = f - 317. Is y prime?
True
Let o(d) = d - 4. Let p be o(4). Suppose 4*y - 894 - 42 = p. Suppose 151 = 5*g - y. Is g a composite number?
True
Suppose 3*f = -3*n + 6486, -4*n - 3*f + 6258 = -2389. Is n a prime number?
True
Let h = -164 + 609. Is h a prime number?
False
Let f(i) = 1116*i**3 - i. Suppose 0 = -2*d - 1 + 3. Let j be f(d). Let a = -570 + j. Is a composite?
True
Is 8422/6 + (10/(-15) - 0) composite?
True
Suppose 4*v + 15386 = o, -3*v + 32156 = 5*o - 44843. Is o a composite number?
True
Suppose 0 = 2*i + 4*u - 6, 2*i - i - 3 = 3*u. Suppose i*z = 5*j - 5473, -2*j - 7*z + 2*z + 2214 = 0. Is j a prime number?
True
Let o(r) = r**3 + 6*r**2 + 4*r + 5. Let u be o(-4). Suppose 303 = 5*d - 47. Let l = d - u. Is l a prime number?
False
Suppose -2*p + 5*t = -2229 - 5388, 2*t = 10. Is p composite?
False
Is (-3 + (-102)/(-30))/((-12)/(-549030)) a prime number?
True
Let q(h) = -h**3 + 57*h**2 + 39*h + 103. Is q(50) prime?
True
Let o = 3031 + -1184. Suppose 0 = -4*c + 5*f + 1877, 0*c + 4*c + f - o = 0. Suppose 0*j - j + 2*w = -c, 5*j - 2341 = -3*w. Is j prime?
True
Let f be (-5)/(1 + -6 - -6). Is 3392/(5 - 1) - (-6 - f) composite?
True
Let b(p) = 1476*p + 107. Is b(10) a prime number?
True
Suppose 5*n + 6*h - 2*h - 2148 = 0, -4*n = h - 1714. Let i = -306 + n. Suppose -5*f + 263 = -i. Is f composite?
True
Suppose 5*v - 44 = 56. Suppose -31*u + v = -26*u. Suppose 1410 = 2*o + u*o. Is o composite?
True
Let s(l) be the third derivative of l**5/20 + 5*l**4/24 - l**3 - 9*l**2. Let d(t) = -t**3 + 3*t**2 + 4. Let c be d(3). Is s(c) a composite number?
True
Let t(j) = 149*j**3 + 11*j**2 - 21*j + 43. Is t(7) prime?
False
Let z(l) be the second derivative of 25*l**4/12 - 5*l**3/6 + 21*l**2/2 - 39*l + 2. Is z(7) composite?
True
Suppose -28 = 7*q + 7. Is (-6293)/q + 3 + (-13)/5 a composite number?
False
Suppose 0 = 5*w - w + 4*a - 5388, -4025 = -3*w + a. Is w a composite number?
True
Suppose -2248 = -78*u + 70*u. Let s = 516 - u. Is s a prime number?
False
Suppose 27 + 21 = -4*t. Let a = -10 - t. Suppose -a*w = -7*w + 170. Is w composite?
True
Is 6 + 91714/21 + 3/(-9) a composite